{"id":1132,"date":"2025-10-19T14:01:43","date_gmt":"2025-10-19T12:01:43","guid":{"rendered":"https:\/\/stam.mmkt.dev\/col-leccions\/gerard-deschamps\/"},"modified":"2025-12-10T13:48:58","modified_gmt":"2025-12-10T12:48:58","slug":"gerard-deschamps","status":"publish","type":"col-leccio","link":"https:\/\/www.fundacio-stampfli.org\/en\/collections\/gerard-deschamps\/","title":{"rendered":"G\u00e9rard Deschamps"},"content":{"rendered":"\n<h3 class=\"wp-block-heading\">The work<\/h3>\n\n<p>One night<br\/>1987<br\/>59.6 x 49.6 x 10.2 cm<br\/>Textile on canvas<\/p>\n\n<p>Presented inside a box closed at the front with transparent methacrylate, One night is separated from the viewer&#8217;s space and automatically takes on attributes different from those exhibited openly and framed.<br\/>While Pavlos, of whom the Foundation owns a splendid work, turns his boxes into a display worthy of a shop window, Deschamps gives his work the form of a case that brings together and preserves the memory of something personal and intimate.<br\/>Deschamps gives his work the form of a case that brings together and preserves the memory of something personal and intimate.<br\/>One night, a work from 1987, is the evocative title of the memory of a night through the accumulation and disorder\u2014only apparent\u2014of women&#8217;s and men&#8217;s underwear. Intimacy bordering on fetishism is mixed with a certain touch of libertine and exhibitionist humor. <\/p>\n\n<p>The work is vividly defined by its pop chromaticism. The predominance of electric blue, touches of acid colors, red verging on pastel pink, and yellow bring together the triad of basic, elemental colors, perhaps as basic as the desire and instinct of the situation evoked. <\/p>\n\n<h3 class=\"wp-block-heading\">The artist<\/h3>\n\n<p>Since 1957, Deschamps, who like other artists in the exhibition was close to the Nouveaux R\u00e9alistes, has created accumulations of all kinds of objects, often in bright colors, gathered in disorder and enclosed in methacrylate boxes, accentuating the contradiction between privacy and publicity.<\/p>\n","protected":false},"featured_media":2369,"template":"","meta":{"_acf_changed":false,"inline_featured_image":false,"_kad_blocks_custom_css":"","_kad_blocks_head_custom_js":"","_kad_blocks_body_custom_js":"","_kad_blocks_footer_custom_js":"","_kad_post_transparent":"","_kad_post_title":"","_kad_post_layout":"","_kad_post_sidebar_id":"","_kad_post_content_style":"","_kad_post_vertical_padding":"","_kad_post_feature":"","_kad_post_feature_position":"","_kad_post_header":false,"_kad_post_footer":false,"_kad_post_classname":"","footnotes":""},"class_list":["post-1132","col-leccio","type-col-leccio","status-publish","has-post-thumbnail","hentry"],"acf":[],"yoast_head":"<!-- This site is optimized with the Yoast SEO plugin v26.8 - https:\/\/yoast.com\/product\/yoast-seo-wordpress\/ -->\n<title>G\u00e9rard Deschamps - Fundaci\u00f3 St\u00e4mpfli<\/title>\n<meta name=\"robots\" content=\"index, follow, max-snippet:-1, max-image-preview:large, max-video-preview:-1\" \/>\n<link rel=\"canonical\" href=\"https:\/\/www.fundacio-stampfli.org\/en\/collections\/gerard-deschamps\/\" \/>\n<meta property=\"og:locale\" content=\"en_US\" \/>\n<meta property=\"og:type\" content=\"article\" \/>\n<meta property=\"og:title\" content=\"G\u00e9rard Deschamps - Fundaci\u00f3 St\u00e4mpfli\" \/>\n<meta property=\"og:description\" content=\"The work One night198759.6 x 49.6 x 10.2 cmTextile on canvas Presented inside a box closed at the front with transparent methacrylate, One night is separated from the viewer&#8217;s space and automatically takes on attributes different from those exhibited openly and framed.While Pavlos, of whom the Foundation owns a splendid work, turns his boxes into...\" \/>\n<meta property=\"og:url\" content=\"https:\/\/www.fundacio-stampfli.org\/en\/collections\/gerard-deschamps\/\" \/>\n<meta property=\"og:site_name\" content=\"Fundaci\u00f3 St\u00e4mpfli\" \/>\n<meta property=\"article:modified_time\" content=\"2025-12-10T12:48:58+00:00\" \/>\n<meta name=\"twitter:card\" content=\"summary_large_image\" \/>\n<meta name=\"twitter:label1\" content=\"Est. reading time\" \/>\n\t<meta name=\"twitter:data1\" content=\"1 minute\" \/>\n<script type=\"application\/ld+json\" class=\"yoast-schema-graph\">{\"@context\":\"https:\/\/schema.org\",\"@graph\":[{\"@type\":\"WebPage\",\"@id\":\"https:\/\/www.fundacio-stampfli.org\/en\/collections\/gerard-deschamps\/\",\"url\":\"https:\/\/www.fundacio-stampfli.org\/en\/collections\/gerard-deschamps\/\",\"name\":\"G\u00e9rard Deschamps - Fundaci\u00f3 St\u00e4mpfli\",\"isPartOf\":{\"@id\":\"https:\/\/www.fundacio-stampfli.org\/en\/#website\"},\"primaryImageOfPage\":{\"@id\":\"https:\/\/www.fundacio-stampfli.org\/en\/collections\/gerard-deschamps\/#primaryimage\"},\"image\":{\"@id\":\"https:\/\/www.fundacio-stampfli.org\/en\/collections\/gerard-deschamps\/#primaryimage\"},\"thumbnailUrl\":\"https:\/\/www.fundacio-stampfli.org\/wp-content\/uploads\/2025\/10\/Deschamps.webp\",\"datePublished\":\"2025-10-19T12:01:43+00:00\",\"dateModified\":\"2025-12-10T12:48:58+00:00\",\"breadcrumb\":{\"@id\":\"https:\/\/www.fundacio-stampfli.org\/en\/collections\/gerard-deschamps\/#breadcrumb\"},\"inLanguage\":\"en-US\",\"potentialAction\":[{\"@type\":\"ReadAction\",\"target\":[\"https:\/\/www.fundacio-stampfli.org\/en\/collections\/gerard-deschamps\/\"]}]},{\"@type\":\"ImageObject\",\"inLanguage\":\"en-US\",\"@id\":\"https:\/\/www.fundacio-stampfli.org\/en\/collections\/gerard-deschamps\/#primaryimage\",\"url\":\"https:\/\/www.fundacio-stampfli.org\/wp-content\/uploads\/2025\/10\/Deschamps.webp\",\"contentUrl\":\"https:\/\/www.fundacio-stampfli.org\/wp-content\/uploads\/2025\/10\/Deschamps.webp\",\"width\":1804,\"height\":2144},{\"@type\":\"BreadcrumbList\",\"@id\":\"https:\/\/www.fundacio-stampfli.org\/en\/collections\/gerard-deschamps\/#breadcrumb\",\"itemListElement\":[{\"@type\":\"ListItem\",\"position\":1,\"name\":\"Inici\",\"item\":\"https:\/\/www.fundacio-stampfli.org\/en\/\"},{\"@type\":\"ListItem\",\"position\":2,\"name\":\"Col-leccions\",\"item\":\"https:\/\/www.fundacio-stampfli.org\/en\/collections\/\"},{\"@type\":\"ListItem\",\"position\":3,\"name\":\"G\u00e9rard Deschamps\"}]},{\"@type\":\"WebSite\",\"@id\":\"https:\/\/www.fundacio-stampfli.org\/en\/#website\",\"url\":\"https:\/\/www.fundacio-stampfli.org\/en\/\",\"name\":\"Fundaci\u00f3 St\u00e4mpfli\",\"description\":\"\",\"publisher\":{\"@id\":\"https:\/\/www.fundacio-stampfli.org\/en\/#organization\"},\"potentialAction\":[{\"@type\":\"SearchAction\",\"target\":{\"@type\":\"EntryPoint\",\"urlTemplate\":\"https:\/\/www.fundacio-stampfli.org\/en\/?s={search_term_string}\"},\"query-input\":{\"@type\":\"PropertyValueSpecification\",\"valueRequired\":true,\"valueName\":\"search_term_string\"}}],\"inLanguage\":\"en-US\"},{\"@type\":\"Organization\",\"@id\":\"https:\/\/www.fundacio-stampfli.org\/en\/#organization\",\"name\":\"Fundaci\u00f3 St\u00e4mpfli\",\"url\":\"https:\/\/www.fundacio-stampfli.org\/en\/\",\"logo\":{\"@type\":\"ImageObject\",\"inLanguage\":\"en-US\",\"@id\":\"https:\/\/www.fundacio-stampfli.org\/en\/#\/schema\/logo\/image\/\",\"url\":\"https:\/\/www.fundacio-stampfli.org\/wp-content\/uploads\/2025\/07\/logo_fondo.svg\",\"contentUrl\":\"https:\/\/www.fundacio-stampfli.org\/wp-content\/uploads\/2025\/07\/logo_fondo.svg\",\"width\":100,\"height\":100,\"caption\":\"Fundaci\u00f3 St\u00e4mpfli\"},\"image\":{\"@id\":\"https:\/\/www.fundacio-stampfli.org\/en\/#\/schema\/logo\/image\/\"}}]}<\/script>\n<!-- \/ Yoast SEO plugin. -->","yoast_head_json":{"title":"G\u00e9rard Deschamps - Fundaci\u00f3 St\u00e4mpfli","robots":{"index":"index","follow":"follow","max-snippet":"max-snippet:-1","max-image-preview":"max-image-preview:large","max-video-preview":"max-video-preview:-1"},"canonical":"https:\/\/www.fundacio-stampfli.org\/en\/collections\/gerard-deschamps\/","og_locale":"en_US","og_type":"article","og_title":"G\u00e9rard Deschamps - Fundaci\u00f3 St\u00e4mpfli","og_description":"The work One night198759.6 x 49.6 x 10.2 cmTextile on canvas Presented inside a box closed at the front with transparent methacrylate, One night is separated from the viewer&#8217;s space and automatically takes on attributes different from those exhibited openly and framed.While Pavlos, of whom the Foundation owns a splendid work, turns his boxes into...","og_url":"https:\/\/www.fundacio-stampfli.org\/en\/collections\/gerard-deschamps\/","og_site_name":"Fundaci\u00f3 St\u00e4mpfli","article_modified_time":"2025-12-10T12:48:58+00:00","twitter_card":"summary_large_image","twitter_misc":{"Est. reading time":"1 minute"},"schema":{"@context":"https:\/\/schema.org","@graph":[{"@type":"WebPage","@id":"https:\/\/www.fundacio-stampfli.org\/en\/collections\/gerard-deschamps\/","url":"https:\/\/www.fundacio-stampfli.org\/en\/collections\/gerard-deschamps\/","name":"G\u00e9rard Deschamps - Fundaci\u00f3 St\u00e4mpfli","isPartOf":{"@id":"https:\/\/www.fundacio-stampfli.org\/en\/#website"},"primaryImageOfPage":{"@id":"https:\/\/www.fundacio-stampfli.org\/en\/collections\/gerard-deschamps\/#primaryimage"},"image":{"@id":"https:\/\/www.fundacio-stampfli.org\/en\/collections\/gerard-deschamps\/#primaryimage"},"thumbnailUrl":"https:\/\/www.fundacio-stampfli.org\/wp-content\/uploads\/2025\/10\/Deschamps.webp","datePublished":"2025-10-19T12:01:43+00:00","dateModified":"2025-12-10T12:48:58+00:00","breadcrumb":{"@id":"https:\/\/www.fundacio-stampfli.org\/en\/collections\/gerard-deschamps\/#breadcrumb"},"inLanguage":"en-US","potentialAction":[{"@type":"ReadAction","target":["https:\/\/www.fundacio-stampfli.org\/en\/collections\/gerard-deschamps\/"]}]},{"@type":"ImageObject","inLanguage":"en-US","@id":"https:\/\/www.fundacio-stampfli.org\/en\/collections\/gerard-deschamps\/#primaryimage","url":"https:\/\/www.fundacio-stampfli.org\/wp-content\/uploads\/2025\/10\/Deschamps.webp","contentUrl":"https:\/\/www.fundacio-stampfli.org\/wp-content\/uploads\/2025\/10\/Deschamps.webp","width":1804,"height":2144},{"@type":"BreadcrumbList","@id":"https:\/\/www.fundacio-stampfli.org\/en\/collections\/gerard-deschamps\/#breadcrumb","itemListElement":[{"@type":"ListItem","position":1,"name":"Inici","item":"https:\/\/www.fundacio-stampfli.org\/en\/"},{"@type":"ListItem","position":2,"name":"Col-leccions","item":"https:\/\/www.fundacio-stampfli.org\/en\/collections\/"},{"@type":"ListItem","position":3,"name":"G\u00e9rard Deschamps"}]},{"@type":"WebSite","@id":"https:\/\/www.fundacio-stampfli.org\/en\/#website","url":"https:\/\/www.fundacio-stampfli.org\/en\/","name":"Fundaci\u00f3 St\u00e4mpfli","description":"","publisher":{"@id":"https:\/\/www.fundacio-stampfli.org\/en\/#organization"},"potentialAction":[{"@type":"SearchAction","target":{"@type":"EntryPoint","urlTemplate":"https:\/\/www.fundacio-stampfli.org\/en\/?s={search_term_string}"},"query-input":{"@type":"PropertyValueSpecification","valueRequired":true,"valueName":"search_term_string"}}],"inLanguage":"en-US"},{"@type":"Organization","@id":"https:\/\/www.fundacio-stampfli.org\/en\/#organization","name":"Fundaci\u00f3 St\u00e4mpfli","url":"https:\/\/www.fundacio-stampfli.org\/en\/","logo":{"@type":"ImageObject","inLanguage":"en-US","@id":"https:\/\/www.fundacio-stampfli.org\/en\/#\/schema\/logo\/image\/","url":"https:\/\/www.fundacio-stampfli.org\/wp-content\/uploads\/2025\/07\/logo_fondo.svg","contentUrl":"https:\/\/www.fundacio-stampfli.org\/wp-content\/uploads\/2025\/07\/logo_fondo.svg","width":100,"height":100,"caption":"Fundaci\u00f3 St\u00e4mpfli"},"image":{"@id":"https:\/\/www.fundacio-stampfli.org\/en\/#\/schema\/logo\/image\/"}}]}},"taxonomy_info":[],"featured_image_src_large":["https:\/\/www.fundacio-stampfli.org\/wp-content\/uploads\/2025\/10\/Deschamps-862x1024.webp",862,1024,true],"author_info":[],"comment_info":"","_links":{"self":[{"href":"https:\/\/www.fundacio-stampfli.org\/en\/wp-json\/wp\/v2\/col-leccio\/1132","targetHints":{"allow":["GET"]}}],"collection":[{"href":"https:\/\/www.fundacio-stampfli.org\/en\/wp-json\/wp\/v2\/col-leccio"}],"about":[{"href":"https:\/\/www.fundacio-stampfli.org\/en\/wp-json\/wp\/v2\/types\/col-leccio"}],"version-history":[{"count":0,"href":"https:\/\/www.fundacio-stampfli.org\/en\/wp-json\/wp\/v2\/col-leccio\/1132\/revisions"}],"wp:featuredmedia":[{"embeddable":true,"href":"https:\/\/www.fundacio-stampfli.org\/en\/wp-json\/wp\/v2\/media\/2369"}],"wp:attachment":[{"href":"https:\/\/www.fundacio-stampfli.org\/en\/wp-json\/wp\/v2\/media?parent=1132"}],"curies":[{"name":"wp","href":"https:\/\/api.w.org\/{rel}","templated":true}]}}

Gérard Deschamps

<h3 class="wp-block-heading">The work</h3>

<p>One night<br/>1987<br/>59.6 x 49.6 x 10.2 cm<br/>Textile on canvas</p>

<p>Presented inside a box closed at the front with transparent methacrylate, One night is separated from the viewer&#8217;s space and automatically takes on attributes different from those exhibited openly and framed.<br/>While Pavlos, of whom the Foundation owns a splendid work, turns his boxes into a display worthy of a shop window, Deschamps gives his work the form of a case that brings together and preserves the memory of something personal and intimate.<br/>Deschamps gives his work the form of a case that brings together and preserves the memory of something personal and intimate.<br/>One night, a work from 1987, is the evocative title of the memory of a night through the accumulation and disorder—only apparent—of women&#8217;s and men&#8217;s underwear. Intimacy bordering on fetishism is mixed with a certain touch of libertine and exhibitionist humor. </p>

<p>The work is vividly defined by its pop chromaticism. The predominance of electric blue, touches of acid colors, red verging on pastel pink, and yellow bring together the triad of basic, elemental colors, perhaps as basic as the desire and instinct of the situation evoked. </p>

<h3 class="wp-block-heading">The artist</h3>

<p>Since 1957, Deschamps, who like other artists in the exhibition was close to the Nouveaux Réalistes, has created accumulations of all kinds of objects, often in bright colors, gathered in disorder and enclosed in methacrylate boxes, accentuating the contradiction between privacy and publicity.</p>

<!-- This site is optimized with the Yoast SEO plugin v26.8 - https://yoast.com/product/yoast-seo-wordpress/ -->
<title>Gérard Deschamps - Fundació Stämpfli</title>
<meta name="robots" content="index, follow, max-snippet:-1, max-image-preview:large, max-video-preview:-1" />
<link rel="canonical" href="https://www.fundacio-stampfli.org/en/collections/gerard-deschamps/" />
<meta property="og:locale" content="en_US" />
<meta property="og:type" content="article" />
<meta property="og:title" content="Gérard Deschamps - Fundació Stämpfli" />
<meta property="og:description" content="The work One night198759.6 x 49.6 x 10.2 cmTextile on canvas Presented inside a box closed at the front with transparent methacrylate, One night is separated from the viewer&#8217;s space and automatically takes on attributes different from those exhibited openly and framed.While Pavlos, of whom the Foundation owns a splendid work, turns his boxes into..." />
<meta property="og:url" content="https://www.fundacio-stampfli.org/en/collections/gerard-deschamps/" />
<meta property="og:site_name" content="Fundació Stämpfli" />
<meta property="article:modified_time" content="2025-12-10T12:48:58+00:00" />
<meta name="twitter:card" content="summary_large_image" />
<meta name="twitter:label1" content="Est. reading time" />
	<meta name="twitter:data1" content="1 minute" />
<script type="application/ld+json" class="yoast-schema-graph">{"@context":"https://schema.org","@graph":[{"@type":"WebPage","@id":"https://www.fundacio-stampfli.org/en/collections/gerard-deschamps/","url":"https://www.fundacio-stampfli.org/en/collections/gerard-deschamps/","name":"Gérard Deschamps - Fundació Stämpfli","isPartOf":{"@id":"https://www.fundacio-stampfli.org/en/#website"},"primaryImageOfPage":{"@id":"https://www.fundacio-stampfli.org/en/collections/gerard-deschamps/#primaryimage"},"image":{"@id":"https://www.fundacio-stampfli.org/en/collections/gerard-deschamps/#primaryimage"},"thumbnailUrl":"https://www.fundacio-stampfli.org/wp-content/uploads/2025/10/Deschamps.webp","datePublished":"2025-10-19T12:01:43+00:00","dateModified":"2025-12-10T12:48:58+00:00","breadcrumb":{"@id":"https://www.fundacio-stampfli.org/en/collections/gerard-deschamps/#breadcrumb"},"inLanguage":"en-US","potentialAction":[{"@type":"ReadAction","target":["https://www.fundacio-stampfli.org/en/collections/gerard-deschamps/"]}]},{"@type":"ImageObject","inLanguage":"en-US","@id":"https://www.fundacio-stampfli.org/en/collections/gerard-deschamps/#primaryimage","url":"https://www.fundacio-stampfli.org/wp-content/uploads/2025/10/Deschamps.webp","contentUrl":"https://www.fundacio-stampfli.org/wp-content/uploads/2025/10/Deschamps.webp","width":1804,"height":2144},{"@type":"BreadcrumbList","@id":"https://www.fundacio-stampfli.org/en/collections/gerard-deschamps/#breadcrumb","itemListElement":[{"@type":"ListItem","position":1,"name":"Inici","item":"https://www.fundacio-stampfli.org/en/"},{"@type":"ListItem","position":2,"name":"Col-leccions","item":"https://www.fundacio-stampfli.org/en/collections/"},{"@type":"ListItem","position":3,"name":"Gérard Deschamps"}]},{"@type":"WebSite","@id":"https://www.fundacio-stampfli.org/en/#website","url":"https://www.fundacio-stampfli.org/en/","name":"Fundació Stämpfli","description":"","publisher":{"@id":"https://www.fundacio-stampfli.org/en/#organization"},"potentialAction":[{"@type":"SearchAction","target":{"@type":"EntryPoint","urlTemplate":"https://www.fundacio-stampfli.org/en/?s={search_term_string}"},"query-input":{"@type":"PropertyValueSpecification","valueRequired":true,"valueName":"search_term_string"}}],"inLanguage":"en-US"},{"@type":"Organization","@id":"https://www.fundacio-stampfli.org/en/#organization","name":"Fundació Stämpfli","url":"https://www.fundacio-stampfli.org/en/","logo":{"@type":"ImageObject","inLanguage":"en-US","@id":"https://www.fundacio-stampfli.org/en/#/schema/logo/image/","url":"https://www.fundacio-stampfli.org/wp-content/uploads/2025/07/logo_fondo.svg","contentUrl":"https://www.fundacio-stampfli.org/wp-content/uploads/2025/07/logo_fondo.svg","width":100,"height":100,"caption":"Fundació Stämpfli"},"image":{"@id":"https://www.fundacio-stampfli.org/en/#/schema/logo/image/"}}]}</script>
<!-- / Yoast SEO plugin. -->

Gérard Deschamps - Fundació Stämpfli

Fundació Stämpfli
