{"id":1114,"date":"2025-10-19T10:32:54","date_gmt":"2025-10-19T08:32:54","guid":{"rendered":"https:\/\/stam.mmkt.dev\/col-leccions\/robert-combas\/"},"modified":"2025-12-10T12:25:55","modified_gmt":"2025-12-10T11:25:55","slug":"robert-combas","status":"publish","type":"col-leccio","link":"https:\/\/www.fundacio-stampfli.org\/es\/colecciones\/robert-combas\/","title":{"rendered":"Robert Combas"},"content":{"rendered":"\n<h3 class=\"wp-block-heading\">La obra<\/h3>\n\n<p>Flying van Gogh n\u00ba 57\/100<br\/>(Van Gogh volante  n\u00b0 57\/100)<br\/>2009<br\/>108 x 41 x 5,5 cm <br\/>Resina pintada<\/p>\n\n<p>La obra es una guitarra el\u00e9ctrica cuya forma recuerda un aparato volador. Forma parte de una serie de 100 ejemplares cada una de ellas pintada imitando el estilo de un artista famoso de la historia del arte, en este caso Van Gogh.<\/p>\n\n<p>La uni\u00f3n de la pintura de un artista consagrado y un objeto, no s\u00f3lo propio de la cultura rock como es la guitarra el\u00e9ctrica sino con una forma del cuerpo del instrumento propia de las bandas de heavy metal ya la vez un cohete espacial, acent\u00faa de forma humor\u00edstica el contraste entre los conceptos tradicionales de alta y baja cultura, \u00e9s decir entre cultura acad\u00e9mica y cultura popular.<\/p>\n\n<h3 class=\"wp-block-heading\">El autor<\/h3>\n\n<p>El objetivo de Combas es realizar un arte figurativo en el que la irreverencia y el humor se combinen a trav\u00e9s de temas de la cultura popular contempor\u00e1nea. Es uno de los principales exponentes de una llamada Figuraci\u00f3n Libre que en los a\u00f1os 80 reclamaba todo tipo de libertad art\u00edstica sin obligaciones a modas, tendencias o movimientos. <\/p>\n\n<p>Sus colores son vivos, las composiciones saturadas de im\u00e1genes en las que el caos, s\u00f3lo aparente, a menudo sobrepasa la mirada del espectador.<br\/>Pinta, como \u00e9l dice, \u00abpara divertirse y para divertir\u00bb. <\/p>\n\n<p><\/p>\n","protected":false},"featured_media":2061,"template":"","meta":{"_acf_changed":false,"inline_featured_image":false,"_kad_blocks_custom_css":"","_kad_blocks_head_custom_js":"","_kad_blocks_body_custom_js":"","_kad_blocks_footer_custom_js":"","_kad_post_transparent":"","_kad_post_title":"","_kad_post_layout":"","_kad_post_sidebar_id":"","_kad_post_content_style":"","_kad_post_vertical_padding":"","_kad_post_feature":"","_kad_post_feature_position":"","_kad_post_header":false,"_kad_post_footer":false,"_kad_post_classname":"","footnotes":""},"class_list":["post-1114","col-leccio","type-col-leccio","status-publish","has-post-thumbnail","hentry"],"acf":[],"yoast_head":"<!-- This site is optimized with the Yoast SEO plugin v26.8 - https:\/\/yoast.com\/product\/yoast-seo-wordpress\/ -->\n<title>Robert Combas - Fundaci\u00f3 St\u00e4mpfli<\/title>\n<meta name=\"robots\" content=\"index, follow, max-snippet:-1, max-image-preview:large, max-video-preview:-1\" \/>\n<link rel=\"canonical\" href=\"https:\/\/www.fundacio-stampfli.org\/es\/colecciones\/robert-combas\/\" \/>\n<meta property=\"og:locale\" content=\"es_ES\" \/>\n<meta property=\"og:type\" content=\"article\" \/>\n<meta property=\"og:title\" content=\"Robert Combas - Fundaci\u00f3 St\u00e4mpfli\" \/>\n<meta property=\"og:description\" content=\"La obra Flying van Gogh n\u00ba 57\/100(Van Gogh volante n\u00b0 57\/100)2009108 x 41 x 5,5 cm Resina pintada La obra es una guitarra el\u00e9ctrica cuya forma recuerda un aparato volador. Forma parte de una serie de 100 ejemplares cada una de ellas pintada imitando el estilo de un artista famoso de la historia del arte,...\" \/>\n<meta property=\"og:url\" content=\"https:\/\/www.fundacio-stampfli.org\/es\/colecciones\/robert-combas\/\" \/>\n<meta property=\"og:site_name\" content=\"Fundaci\u00f3 St\u00e4mpfli\" \/>\n<meta property=\"article:modified_time\" content=\"2025-12-10T11:25:55+00:00\" \/>\n<meta name=\"twitter:card\" content=\"summary_large_image\" \/>\n<meta name=\"twitter:label1\" content=\"Tiempo de lectura\" \/>\n\t<meta name=\"twitter:data1\" content=\"1 minuto\" \/>\n<script type=\"application\/ld+json\" class=\"yoast-schema-graph\">{\"@context\":\"https:\/\/schema.org\",\"@graph\":[{\"@type\":\"WebPage\",\"@id\":\"https:\/\/www.fundacio-stampfli.org\/es\/colecciones\/robert-combas\/\",\"url\":\"https:\/\/www.fundacio-stampfli.org\/es\/colecciones\/robert-combas\/\",\"name\":\"Robert Combas - Fundaci\u00f3 St\u00e4mpfli\",\"isPartOf\":{\"@id\":\"https:\/\/www.fundacio-stampfli.org\/es\/#website\"},\"primaryImageOfPage\":{\"@id\":\"https:\/\/www.fundacio-stampfli.org\/es\/colecciones\/robert-combas\/#primaryimage\"},\"image\":{\"@id\":\"https:\/\/www.fundacio-stampfli.org\/es\/colecciones\/robert-combas\/#primaryimage\"},\"thumbnailUrl\":\"https:\/\/www.fundacio-stampfli.org\/wp-content\/uploads\/2025\/10\/Combas.webp\",\"datePublished\":\"2025-10-19T08:32:54+00:00\",\"dateModified\":\"2025-12-10T11:25:55+00:00\",\"breadcrumb\":{\"@id\":\"https:\/\/www.fundacio-stampfli.org\/es\/colecciones\/robert-combas\/#breadcrumb\"},\"inLanguage\":\"es\",\"potentialAction\":[{\"@type\":\"ReadAction\",\"target\":[\"https:\/\/www.fundacio-stampfli.org\/es\/colecciones\/robert-combas\/\"]}]},{\"@type\":\"ImageObject\",\"inLanguage\":\"es\",\"@id\":\"https:\/\/www.fundacio-stampfli.org\/es\/colecciones\/robert-combas\/#primaryimage\",\"url\":\"https:\/\/www.fundacio-stampfli.org\/wp-content\/uploads\/2025\/10\/Combas.webp\",\"contentUrl\":\"https:\/\/www.fundacio-stampfli.org\/wp-content\/uploads\/2025\/10\/Combas.webp\",\"width\":1331,\"height\":1096},{\"@type\":\"BreadcrumbList\",\"@id\":\"https:\/\/www.fundacio-stampfli.org\/es\/colecciones\/robert-combas\/#breadcrumb\",\"itemListElement\":[{\"@type\":\"ListItem\",\"position\":1,\"name\":\"Inici\",\"item\":\"https:\/\/www.fundacio-stampfli.org\/es\/\"},{\"@type\":\"ListItem\",\"position\":2,\"name\":\"Col-leccions\",\"item\":\"https:\/\/www.fundacio-stampfli.org\/es\/colecciones\/\"},{\"@type\":\"ListItem\",\"position\":3,\"name\":\"Robert Combas\"}]},{\"@type\":\"WebSite\",\"@id\":\"https:\/\/www.fundacio-stampfli.org\/es\/#website\",\"url\":\"https:\/\/www.fundacio-stampfli.org\/es\/\",\"name\":\"Fundaci\u00f3 St\u00e4mpfli\",\"description\":\"\",\"publisher\":{\"@id\":\"https:\/\/www.fundacio-stampfli.org\/es\/#organization\"},\"potentialAction\":[{\"@type\":\"SearchAction\",\"target\":{\"@type\":\"EntryPoint\",\"urlTemplate\":\"https:\/\/www.fundacio-stampfli.org\/es\/?s={search_term_string}\"},\"query-input\":{\"@type\":\"PropertyValueSpecification\",\"valueRequired\":true,\"valueName\":\"search_term_string\"}}],\"inLanguage\":\"es\"},{\"@type\":\"Organization\",\"@id\":\"https:\/\/www.fundacio-stampfli.org\/es\/#organization\",\"name\":\"Fundaci\u00f3 St\u00e4mpfli\",\"url\":\"https:\/\/www.fundacio-stampfli.org\/es\/\",\"logo\":{\"@type\":\"ImageObject\",\"inLanguage\":\"es\",\"@id\":\"https:\/\/www.fundacio-stampfli.org\/es\/#\/schema\/logo\/image\/\",\"url\":\"https:\/\/www.fundacio-stampfli.org\/wp-content\/uploads\/2025\/07\/logo_fondo.svg\",\"contentUrl\":\"https:\/\/www.fundacio-stampfli.org\/wp-content\/uploads\/2025\/07\/logo_fondo.svg\",\"width\":100,\"height\":100,\"caption\":\"Fundaci\u00f3 St\u00e4mpfli\"},\"image\":{\"@id\":\"https:\/\/www.fundacio-stampfli.org\/es\/#\/schema\/logo\/image\/\"}}]}<\/script>\n<!-- \/ Yoast SEO plugin. -->","yoast_head_json":{"title":"Robert Combas - Fundaci\u00f3 St\u00e4mpfli","robots":{"index":"index","follow":"follow","max-snippet":"max-snippet:-1","max-image-preview":"max-image-preview:large","max-video-preview":"max-video-preview:-1"},"canonical":"https:\/\/www.fundacio-stampfli.org\/es\/colecciones\/robert-combas\/","og_locale":"es_ES","og_type":"article","og_title":"Robert Combas - Fundaci\u00f3 St\u00e4mpfli","og_description":"La obra Flying van Gogh n\u00ba 57\/100(Van Gogh volante n\u00b0 57\/100)2009108 x 41 x 5,5 cm Resina pintada La obra es una guitarra el\u00e9ctrica cuya forma recuerda un aparato volador. Forma parte de una serie de 100 ejemplares cada una de ellas pintada imitando el estilo de un artista famoso de la historia del arte,...","og_url":"https:\/\/www.fundacio-stampfli.org\/es\/colecciones\/robert-combas\/","og_site_name":"Fundaci\u00f3 St\u00e4mpfli","article_modified_time":"2025-12-10T11:25:55+00:00","twitter_card":"summary_large_image","twitter_misc":{"Tiempo de lectura":"1 minuto"},"schema":{"@context":"https:\/\/schema.org","@graph":[{"@type":"WebPage","@id":"https:\/\/www.fundacio-stampfli.org\/es\/colecciones\/robert-combas\/","url":"https:\/\/www.fundacio-stampfli.org\/es\/colecciones\/robert-combas\/","name":"Robert Combas - Fundaci\u00f3 St\u00e4mpfli","isPartOf":{"@id":"https:\/\/www.fundacio-stampfli.org\/es\/#website"},"primaryImageOfPage":{"@id":"https:\/\/www.fundacio-stampfli.org\/es\/colecciones\/robert-combas\/#primaryimage"},"image":{"@id":"https:\/\/www.fundacio-stampfli.org\/es\/colecciones\/robert-combas\/#primaryimage"},"thumbnailUrl":"https:\/\/www.fundacio-stampfli.org\/wp-content\/uploads\/2025\/10\/Combas.webp","datePublished":"2025-10-19T08:32:54+00:00","dateModified":"2025-12-10T11:25:55+00:00","breadcrumb":{"@id":"https:\/\/www.fundacio-stampfli.org\/es\/colecciones\/robert-combas\/#breadcrumb"},"inLanguage":"es","potentialAction":[{"@type":"ReadAction","target":["https:\/\/www.fundacio-stampfli.org\/es\/colecciones\/robert-combas\/"]}]},{"@type":"ImageObject","inLanguage":"es","@id":"https:\/\/www.fundacio-stampfli.org\/es\/colecciones\/robert-combas\/#primaryimage","url":"https:\/\/www.fundacio-stampfli.org\/wp-content\/uploads\/2025\/10\/Combas.webp","contentUrl":"https:\/\/www.fundacio-stampfli.org\/wp-content\/uploads\/2025\/10\/Combas.webp","width":1331,"height":1096},{"@type":"BreadcrumbList","@id":"https:\/\/www.fundacio-stampfli.org\/es\/colecciones\/robert-combas\/#breadcrumb","itemListElement":[{"@type":"ListItem","position":1,"name":"Inici","item":"https:\/\/www.fundacio-stampfli.org\/es\/"},{"@type":"ListItem","position":2,"name":"Col-leccions","item":"https:\/\/www.fundacio-stampfli.org\/es\/colecciones\/"},{"@type":"ListItem","position":3,"name":"Robert Combas"}]},{"@type":"WebSite","@id":"https:\/\/www.fundacio-stampfli.org\/es\/#website","url":"https:\/\/www.fundacio-stampfli.org\/es\/","name":"Fundaci\u00f3 St\u00e4mpfli","description":"","publisher":{"@id":"https:\/\/www.fundacio-stampfli.org\/es\/#organization"},"potentialAction":[{"@type":"SearchAction","target":{"@type":"EntryPoint","urlTemplate":"https:\/\/www.fundacio-stampfli.org\/es\/?s={search_term_string}"},"query-input":{"@type":"PropertyValueSpecification","valueRequired":true,"valueName":"search_term_string"}}],"inLanguage":"es"},{"@type":"Organization","@id":"https:\/\/www.fundacio-stampfli.org\/es\/#organization","name":"Fundaci\u00f3 St\u00e4mpfli","url":"https:\/\/www.fundacio-stampfli.org\/es\/","logo":{"@type":"ImageObject","inLanguage":"es","@id":"https:\/\/www.fundacio-stampfli.org\/es\/#\/schema\/logo\/image\/","url":"https:\/\/www.fundacio-stampfli.org\/wp-content\/uploads\/2025\/07\/logo_fondo.svg","contentUrl":"https:\/\/www.fundacio-stampfli.org\/wp-content\/uploads\/2025\/07\/logo_fondo.svg","width":100,"height":100,"caption":"Fundaci\u00f3 St\u00e4mpfli"},"image":{"@id":"https:\/\/www.fundacio-stampfli.org\/es\/#\/schema\/logo\/image\/"}}]}},"taxonomy_info":[],"featured_image_src_large":["https:\/\/www.fundacio-stampfli.org\/wp-content\/uploads\/2025\/10\/Combas-1024x843.webp",1024,843,true],"author_info":[],"comment_info":"","_links":{"self":[{"href":"https:\/\/www.fundacio-stampfli.org\/es\/wp-json\/wp\/v2\/col-leccio\/1114","targetHints":{"allow":["GET"]}}],"collection":[{"href":"https:\/\/www.fundacio-stampfli.org\/es\/wp-json\/wp\/v2\/col-leccio"}],"about":[{"href":"https:\/\/www.fundacio-stampfli.org\/es\/wp-json\/wp\/v2\/types\/col-leccio"}],"version-history":[{"count":0,"href":"https:\/\/www.fundacio-stampfli.org\/es\/wp-json\/wp\/v2\/col-leccio\/1114\/revisions"}],"wp:featuredmedia":[{"embeddable":true,"href":"https:\/\/www.fundacio-stampfli.org\/es\/wp-json\/wp\/v2\/media\/2061"}],"wp:attachment":[{"href":"https:\/\/www.fundacio-stampfli.org\/es\/wp-json\/wp\/v2\/media?parent=1114"}],"curies":[{"name":"wp","href":"https:\/\/api.w.org\/{rel}","templated":true}]}}

<h3 class="wp-block-heading">La obra</h3>

<p>Flying van Gogh nº 57/100<br/>(Van Gogh volante  n° 57/100)<br/>2009<br/>108 x 41 x 5,5 cm <br/>Resina pintada</p>

<p>La obra es una guitarra eléctrica cuya forma recuerda un aparato volador. Forma parte de una serie de 100 ejemplares cada una de ellas pintada imitando el estilo de un artista famoso de la historia del arte, en este caso Van Gogh.</p>

<p>La unión de la pintura de un artista consagrado y un objeto, no sólo propio de la cultura rock como es la guitarra eléctrica sino con una forma del cuerpo del instrumento propia de las bandas de heavy metal ya la vez un cohete espacial, acentúa de forma humorística el contraste entre los conceptos tradicionales de alta y baja cultura, és decir entre cultura académica y cultura popular.</p>

<h3 class="wp-block-heading">El autor</h3>

<p>El objetivo de Combas es realizar un arte figurativo en el que la irreverencia y el humor se combinen a través de temas de la cultura popular contemporánea. Es uno de los principales exponentes de una llamada Figuración Libre que en los años 80 reclamaba todo tipo de libertad artística sin obligaciones a modas, tendencias o movimientos. </p>

<p>Sus colores son vivos, las composiciones saturadas de imágenes en las que el caos, sólo aparente, a menudo sobrepasa la mirada del espectador.<br/>Pinta, como él dice, «para divertirse y para divertir». </p>

<p></p>

<!-- This site is optimized with the Yoast SEO plugin v26.8 - https://yoast.com/product/yoast-seo-wordpress/ -->
<title>Robert Combas - Fundació Stämpfli</title>
<meta name="robots" content="index, follow, max-snippet:-1, max-image-preview:large, max-video-preview:-1" />
<link rel="canonical" href="https://www.fundacio-stampfli.org/es/colecciones/robert-combas/" />
<meta property="og:locale" content="es_ES" />
<meta property="og:type" content="article" />
<meta property="og:title" content="Robert Combas - Fundació Stämpfli" />
<meta property="og:description" content="La obra Flying van Gogh nº 57/100(Van Gogh volante n° 57/100)2009108 x 41 x 5,5 cm Resina pintada La obra es una guitarra eléctrica cuya forma recuerda un aparato volador. Forma parte de una serie de 100 ejemplares cada una de ellas pintada imitando el estilo de un artista famoso de la historia del arte,..." />
<meta property="og:url" content="https://www.fundacio-stampfli.org/es/colecciones/robert-combas/" />
<meta property="og:site_name" content="Fundació Stämpfli" />
<meta property="article:modified_time" content="2025-12-10T11:25:55+00:00" />
<meta name="twitter:card" content="summary_large_image" />
<meta name="twitter:label1" content="Tiempo de lectura" />
	<meta name="twitter:data1" content="1 minuto" />
<script type="application/ld+json" class="yoast-schema-graph">{"@context":"https://schema.org","@graph":[{"@type":"WebPage","@id":"https://www.fundacio-stampfli.org/es/colecciones/robert-combas/","url":"https://www.fundacio-stampfli.org/es/colecciones/robert-combas/","name":"Robert Combas - Fundació Stämpfli","isPartOf":{"@id":"https://www.fundacio-stampfli.org/es/#website"},"primaryImageOfPage":{"@id":"https://www.fundacio-stampfli.org/es/colecciones/robert-combas/#primaryimage"},"image":{"@id":"https://www.fundacio-stampfli.org/es/colecciones/robert-combas/#primaryimage"},"thumbnailUrl":"https://www.fundacio-stampfli.org/wp-content/uploads/2025/10/Combas.webp","datePublished":"2025-10-19T08:32:54+00:00","dateModified":"2025-12-10T11:25:55+00:00","breadcrumb":{"@id":"https://www.fundacio-stampfli.org/es/colecciones/robert-combas/#breadcrumb"},"inLanguage":"es","potentialAction":[{"@type":"ReadAction","target":["https://www.fundacio-stampfli.org/es/colecciones/robert-combas/"]}]},{"@type":"ImageObject","inLanguage":"es","@id":"https://www.fundacio-stampfli.org/es/colecciones/robert-combas/#primaryimage","url":"https://www.fundacio-stampfli.org/wp-content/uploads/2025/10/Combas.webp","contentUrl":"https://www.fundacio-stampfli.org/wp-content/uploads/2025/10/Combas.webp","width":1331,"height":1096},{"@type":"BreadcrumbList","@id":"https://www.fundacio-stampfli.org/es/colecciones/robert-combas/#breadcrumb","itemListElement":[{"@type":"ListItem","position":1,"name":"Inici","item":"https://www.fundacio-stampfli.org/es/"},{"@type":"ListItem","position":2,"name":"Col-leccions","item":"https://www.fundacio-stampfli.org/es/colecciones/"},{"@type":"ListItem","position":3,"name":"Robert Combas"}]},{"@type":"WebSite","@id":"https://www.fundacio-stampfli.org/es/#website","url":"https://www.fundacio-stampfli.org/es/","name":"Fundació Stämpfli","description":"","publisher":{"@id":"https://www.fundacio-stampfli.org/es/#organization"},"potentialAction":[{"@type":"SearchAction","target":{"@type":"EntryPoint","urlTemplate":"https://www.fundacio-stampfli.org/es/?s={search_term_string}"},"query-input":{"@type":"PropertyValueSpecification","valueRequired":true,"valueName":"search_term_string"}}],"inLanguage":"es"},{"@type":"Organization","@id":"https://www.fundacio-stampfli.org/es/#organization","name":"Fundació Stämpfli","url":"https://www.fundacio-stampfli.org/es/","logo":{"@type":"ImageObject","inLanguage":"es","@id":"https://www.fundacio-stampfli.org/es/#/schema/logo/image/","url":"https://www.fundacio-stampfli.org/wp-content/uploads/2025/07/logo_fondo.svg","contentUrl":"https://www.fundacio-stampfli.org/wp-content/uploads/2025/07/logo_fondo.svg","width":100,"height":100,"caption":"Fundació Stämpfli"},"image":{"@id":"https://www.fundacio-stampfli.org/es/#/schema/logo/image/"}}]}</script>
<!-- / Yoast SEO plugin. -->

Robert Combas - Fundació Stämpfli

La obra Flying van Gogh nº 57/100(Van Gogh volante n° 57/100)2009108 x 41 x 5,5 cm Resina pintada La obra es una guitarra eléctrica cuya forma recuerda un aparato volador. Forma parte de una serie de 100 ejemplares cada una de ellas pintada imitando el estilo de un artista famoso de la historia del arte,...

Fundació Stämpfli
